 Suppose -3 = b - 23. What is the greatest common divisor of y and b?
10
Suppose 2*i - 4 - 4 = 0. Let b be 9 - 118 - 2/2. Let o = -74 - b. What is the highest common divisor of o and i?
4
Let q be -2 - 2/((-2)/9). Suppose -4*o - h - 13 = 0, o - h + 4 = -2*h. Let r be ((-35)/(-3))/((-1)/o). What is the greatest common divisor of r and q?
7
Let q be 9/(-6)*(-28)/(-6). Suppose 3*j - j = 4. Let c be j/q + 570/35. What is the greatest common divisor of 2 and c?
2
Suppose 3*z = i + 51, 3*z + 5*i - 1 - 68 = 0. Suppose 2*o + 11 = 1. Let b = -3 - o. Calculate the greatest common factor of b and z.
2
Let k be 5 - 3 - 4/1. Let l be (28 + k)*6/4. Calculate the greatest common factor of 26 and l.
13
Suppose 85 = 4*a + 5*o, -3*a + o - 5*o + 63 = 0. What is the highest common divisor of a and 175?
25
Let p(o) = 4*o**2 - 3*o - 3. Let q be p(3). Let c be ((-16)/(-3) - 4)*6. What is the highest common factor of q and c?
8
Suppose 108*w - 106*w = 50. Suppose q = 6*q - 50. What is the greatest common divisor of w and q?
5
Suppose r = -r + 4*x + 124, r = -4*x + 44. Let j = 29 - 15. Calculate the highest common factor of r and j.
14
Let z = 152 + -67. What is the greatest common factor of z and 17?
17
Let x(h) = h**2 - 13*h + 6. Let f be x(13). Calculate the greatest common divisor of f and 2.
2
Let z = -9 - -7. Let i be 3/2*z + -1. Let m be 1/(-2)*7*i. What is the highest common factor of 70 and m?
14
Let f be 1 + 0 + 0/(-1). Let n = 3 + f. Let q(a) = -7*a - 30. Let z be q(-6). Calculate the greatest common divisor of n and z.
4
Let a = -6 + 7. Let u(y) = 19*y - 1. Let c be u(a). What is the greatest common factor of c and 144?
18
Suppose 5*b = -a + 33, a = -4*b + 10 + 17. Let l = 0 + b. Calculate the highest common divisor of 6 and l.
6
Let x = 2 - -6. Suppose -230 = -5*n + 4*p + 194, 5*p = -3*n + 284. Calculate the greatest common divisor of n and x.
8
Suppose a - 250 = -5*k, 4*k + 4*a - 221 = -a. Let v(u) = u**2 - 5*u - 17. Let j be v(8). Calculate the highest common factor of j and k.
7
Let i(p) = p**3 + 7*p**2 + 2*p - 2. Let g be i(-6). Calculate the greatest common divisor of g and 55.
11
Suppose 4*x - 3*x - 4 = 0. Suppose -42 - 114 = -x*q. Suppose 5*o - 31 - q = 0. What is the greatest common divisor of o and 70?
14
Suppose 3*h - 25 = y, -y = 2*h - 0*y - 15. What is the highest common divisor of 40 and h?
8
Suppose 4*k - 315 = -3*k. Let t be (-3 - 0)*(1 + -4). Let n = t - -9. What is the highest common divisor of k and n?
9
Let b = -5 - -10. Suppose b*k + 69 = -201. Let y = k - -80. Calculate the greatest common divisor of y and 65.
13
Let l be (27/(-6))/((-2)/4). Suppose -3*a = 2*b + l, 3*a + 4 + 5 = 5*b. Let k be ((-16)/a)/(4/6). What is the greatest common divisor of 32 and k?
8
Suppose d + 18 = 4*d - 5*w, -58 = -5*d - w. What is the highest common factor of d and 33?
11
Suppose 3*k - k = 70. Suppose -k = -g - 2*b, 3*g + 5*b - 137 = -g. What is the greatest common factor of g and 22?
11
Let k be (32/(-5))/((-138)/(-150) + -1). What is the greatest common factor of 20 and k?
20
Suppose -4*d + 3*x = 2 - 8, -3*d = -5*x + 1. Let t(r) = -r**2 + 17*r - 3. Let p be t(15). Calculate the greatest common divisor of d and p.
3
Let y(a) = 4*a**2 - 6*a**2 + 4 - a + a**3 - 3*a. Let b be y(3). Calculate the highest common divisor of b and 9.
1
Let h(p) = 5*p**2 + 29*p - 4. Let r be h(-7). Calculate the greatest common divisor of 4 and r.
2
Let l = -10 + 14. Suppose -9 = l*u - u, -q = -4*u - 19. What is the greatest common factor of q and 49?
7
Let j(m) = -m**2 + 9*m - 3. Let r be j(7). Let u(v) be the second derivative of 11*v**3/6 - 4*v. Let o be u(5). What is the highest common factor of r and o?
11
Let i = 389 - 101. What is the highest common divisor of 36 and i?
36
Suppose -g = -4*l + 12, -4*g + 16 = -0*g. Let w be (l/(-5))/(7/105). Let q be (4/w)/(2/(-78)). Calculate the highest common factor of q and 39.
13
Let k(a) = -4*a - 5*a - 3 + 5*a + 3*a. Let f be k(-5). What is the greatest common divisor of f and 22?
2
Let w = -17 - -20. What is the greatest common factor of w and 6?
3
Let z = -87 + 115. Calculate the highest common factor of z and 4.
4
Let c(a) be the first derivative of a**2 + 8*a - 1. Let o be c(8). Let q = 36 - o. Calculate the greatest common factor of 84 and q.
12
Let o be ((3 - 5) + -10)/(-2). What is the highest common factor of 48 and o?
6
Let v = -5 - -45. Suppose 4 = -4*p - 4. Let f be p/(-1) + -1 + 4. What is the highest common divisor of v and f?
5
Suppose v - 51 = 5*d - 19, -3*d = -v + 30. Suppose -4*g + v = -13. What is the highest common factor of g and 110?
10
Let f(h) = -10*h**3 - 4*h**2 - 2*h + 2. Suppose 3*r = -r - 8. Let p = 0 + r. Let o be f(p). What is the greatest common factor of o and 10?
10
Let v = 17 + 16. What is the greatest common factor of v and 264?
33
Suppose 2*g - 70 = -0*g. What is the highest common divisor of 14 and g?
7
Suppose 7*x + 120 = 2*x. Let p = x + 50. What is the highest common divisor of 52 and p?
26
Suppose -2*m - 2*m + 36 = 0. What is the highest common factor of 1 and m?
1
Let w be ((-32)/(-10))/(4/2050). Let f be 2/3 + w/15. What is the highest common factor of 44 and f?
22
Let r(g) = -g**3 + 6*g**2 + 8*g + 2. Let w = -7 + 14. Let z be r(w). Let q be ((-12)/z)/((-3)/108). Calculate the greatest common factor of 12 and q.
12
Suppose 3*k - k = -34. Let h = -12 - k. Calculate the highest common factor of 2 and h.
1
Suppose 2*c - 4*c = 0. Suppose c*n + 3*n - 4*l = 12, 4*n = 3*l + 23. What is the highest common factor of n and 16?
8
Suppose 0 = -4*f + 23 + 9. Let i(a) = 2*a + 18 - 3*a - f. Let d be i(8). Calculate the highest common factor of d and 16.
2
Suppose 0 = 3*o - 177 - 399. Suppose o + 18 = 5*j. What is the greatest common factor of 28 and j?
14
Let b be 2/7 + 80/14. Let f = -8 + 11. What is the greatest common divisor of b and f?
3
Suppose 0 = b - 4*h - 240, -b + 3*h = -6*b + 1085. Suppose -a + b = a. Let z = -10 - -20. What is the greatest common factor of z and a?
10
Let d = 17 - -46. What is the highest common factor of 7 and d?
7
Suppose 9202 - 2052 = 5*k. Suppose -g - k = -6*g. Calculate the highest common divisor of 26 and g.
26
Let s(f) = f**2 + 72. Let h be s(0). Calculate the greatest common factor of 48 and h.
24
Let j(m) = m**3 - 26*m**2 + 24*m + 41. Let a be j(25). Calculate the greatest common divisor of a and 176.
16
Let a(h) = -9 + 19 + 0*h + 3*h - 6. Let b be a(4). What is the highest common factor of 144 and b?
16
Let n(q) = -7*q + 1. Let l be n(-5). Suppose -35*g + 30*g + 60 = 0. Calculate the greatest common divisor of l and g.
12
Suppose -5*o + 143 = 6*o. What is the greatest common divisor of o and 143?
13
Suppose 2*d - 15 - 7 = 0. Suppose 3*u + u = 140. Let t = -13 + u. What is the greatest common divisor of d and t?
11
Let k(z) = -2*z + 10. Let a be k(-13). Calculate the highest common factor of 12 and a.
12
Suppose 4*y = 5*l + 122, -5*l + 3*l = 4. Suppose -m + 55 = 4*m. Let s = m + 3. What is the greatest common factor of y and s?
14
Let o be 0 + 1 + 0 + 26. Let n = o + -12. Calculate the greatest common factor of n and 120.
15
Let s = 13 + -9. Suppose -s*c = -371 + 95. Suppose -3*i - 5*p + 39 = i, 0 = -4*i + p + c. Calculate the greatest common divisor of 32 and i.
16
Let s(g) = 2*g + 3*g**2 + 2 + 2 - 4*g**2. Let w be s(3). Let i be -1 - w*-2 - -2. What is the highest common divisor of i and 15?
3
Let i = -22 + 36. Suppose 992 = r - 5*r. Let j be (-6)/(-21) - r/i. What is the greatest common divisor of j and 54?
18
Let l(j) = -j. Let n(t) = t**3 + 5*t**2 - 3*t - 6. Let g(s) = 5*l(s) - n(s). Let u be g(-6). What is the greatest common factor of u and 6?
6
Suppose 3*x + 4 = 5*x - 4*m, 2*x - 4 = -2*m. Let g be 2/(-4) + 7/x. What is the highest common factor of g and 12?
3
Suppose 4*a - a + 54 = 0. Let n = a + 40. Suppose 4*c = -v + 4, -n = -4*v + 3*v + 2*c. Calculate the highest common divisor of v and 112.
16
Let o be (-1 - 0) + 0 - -29. Suppose o = 4*h - 2*h. Suppose 0 = 2*f + 2*w - 20, 3*f + 4*w - 24 - 9 = 0. Calculate the greatest common factor of h and f.
7
Let b(n) = 4*n - 5 - 1 + 0. Let z be b(6). What is the highest common divisor of 6 and z?
6
Let f(r) = -2*r - 10. Let x(v) = 2*v + 9. Let z(n) = 5*f(n) + 6*x(n). Let k be z(4). Calculate the greatest common fact